t is m(p)?
5
Let c(r) = -2*r - 9. Let y(f) = 4. Let g(m) = 2*c(m) + 5*y(m). Determine g(-2).
10
Let k(o) = o**3 - 2*o**2 - 2*o + 2. Suppose 14*z - 10*z + 48 = 0. Let m(f) = -f**2 - 13*f - 10. Let c be m(z). What is k(c)?
-2
Let k(r) = 5*r**2 + 16*r - 7. Let u(t) = 4*t**2 + 14*t - 6. Let n(i) = 3*k(i) - 4*u(i). Give n(-8).
3
Let d(k) = -k + 15. Let b(f) = -8*f**2 + 5*f + 6. Let m be b(-3). Let c be (-792)/m - (-2)/9. Calculate d(c).
5
Suppose -3*o = 3*v + 15, 19*v - 3 = 20*v - o. Let m(j) = j**3 + 5*j**2 - 5. Give m(v).
11
Let f(x) = 4 + 8*x + 13*x + 3*x - 12*x. Determine f(3).
40
Let f(b) = b**2 + 8*b - 1. Let a = 92 + -86. Let j = 0 - a. Give f(j).
-13
Let n(t) = -2*t**3 - 3*t + 3*t**3 + 2*t. Let w be (-2)/(-7) + (-198)/154. What is n(w)?
0
Suppose -5*i - 4*w + 2*w + 10 = 0, 3*i + 20 = 4*w. Let k(d) = d - 4 + i + 1. Give k(6).
3
Let t(s) = -s**3 + 8*s**2 - 6*s + 9. Suppose -2*x = 4*b - 18, x + 3*x = -3*b + 1. Determine t(b).
16
Let n(o) = o**3 - 7*o**2 - 4. Let i = 24 - 28. Let r = i - -8. Suppose 4*v - v - 3*d = 6, 0 = r*d - 20. What is n(v)?
-4
Let h(s) = -s**2 + s + 1. Let u(r) = -r**2 + 2*r + 5. Let c(y) = -2*h(y) + u(y). Determine c(0).
3
Let p(j) = j**2 - 13*j + 2. Suppose -3*z - 15*t = -12*t - 45, -4*z = 3*t - 57. What is p(z)?
-10
Let l(a) = -4*a + 4. Suppose -12*m + 99 = -9. What is l(m)?
-32
Let z = 143 - 137. Let n(p) = 7*p + 7 - p**2 - 2*p + z*p - 9*p. Suppose 2*x + 5*g - 5 = 0, 2*x - 5*g - 25 = -2*x. What is n(x)?
-8
Let c(u) be the third derivative of u**6/120 - u**4/24 + u**3/6 + 14*u**2. Suppose 5*s + 3*q - 5*q - 7 = 0, -3*q = s + 2. Determine c(s).
1
Let a(b) = -9124*b + 18255*b - 11*b**2 - 9130*b. Let k(m) = -m**2. Let v be k(2). Let i be 1/v - (-5)/4. Determine a(i).
-10
Let w(h) = -31*h - 55. Let p be w(-2). Let k(u) = u**3 - 9*u**2 + 10*u - 3. Determine k(p).
-31
Let d(o) be the second derivative of -o**5/20 + 7*o**4/12 - 4*o**3/3 + 3*o**2/2 - 87*o. Calculate d(5).
13
Let f(w) be the second derivative of w**5/20 - w**4/2 + w**3/6 - 2*w**2 - 5*w. Let o = -33 - -39. What is f(o)?
2
Let v(t) = -2*t + 3. Let m(n) = 1. Suppose 0*s = 2*s + 24. Let b(w) = s*m(w) + 3*v(w). Let h(i) = -i. Let z(p) = b(p) - 5*h(p). What is z(0)?
-3
Suppose 0 = 2*o + 10 - 16. Let k(n) = 6 + 5*n**2 - 5*n**2 - o - n**2 + n. Give k(3).
-3
Let y(s) = 2*s**2 + 4*s + 1. Let d = -7 - -13. Suppose 5*r - 22 = -2. Let p be (r - 15/d)*-2. What is y(p)?
7
Let q(b) be the second derivative of b**5/60 + 5*b**4/24 - 5*b**3/6 - 6*b**2 + 8*b. Let m(p) be the first derivative of q(p). Let w = 30 - 36. Calculate m(w).
1
Suppose 6*j - 18 = -12. Let s(b) = -7*b**2 - 2*b + 2. What is s(j)?
-7
Let k(s) = -2*s**3 - 5*s**2 - 19*s - 2. Let n = 14 - 1. Let d(c) = -c**3 - 2*c**2 - 9*c - 1. Let x(z) = n*d(z) - 6*k(z). Determine x(3).
-1
Let s(t) = -1 + 15*t - 5*t - 12*t. Suppose 5*v + 3*w - 19 = 0, 2*v - 4*w + w + 5 = 0. Give s(v).
-5
Suppose 3*f = -6, 0 = 11*j - 14*j + 5*f + 16. Let k(z) = -3*z**j + 56*z - z**3 - 23*z - 29*z. Give k(-3).
-12
Let i(v) be the first derivative of v**3/3 + 2*v**2 + 6*v + 16. What is i(-6)?
18
Let y be (10 + (-95)/10)*-18. Let b(w) = -w**3 - 9*w**2 - 12. Determine b(y).
-12
Let a(h) = -h**2 - 20*h + 50. Let j be a(-22). Let q(p) be the first derivative of p**4/4 - 5*p**3/3 - 2*p**2 - 4*p + 2. Calculate q(j).
8
Let f(r) = 9*r**2 - 9. Let a(n) = 4*n**2 - 4. Let b(x) = -7*a(x) + 3*f(x). Suppose 4*h + 14 = -2*s, h = -4*s - 9 - 5. Determine b(s).
-8
Let h(f) be the first derivative of -f**3/3 - 9*f**2/2 - 2*f - 43. Give h(-9).
-2
Let f(w) be the first derivative of 3*w**2 - 2/3*w**3 - 6 - 1/4*w**4 + 5*w. Determine f(-4).
13
Let y(p) be the third derivative of p**6/120 - p**5/15 - p**4/6 - p**3 + 11*p**2 - 3. Give y(5).
-1
Let a = -3 + 5. Suppose -4*h + a*h = -8. Let u be h/22 - (-9)/11. Let x(l) = -13*l**2 + l - 1. What is x(u)?
-13
Let u be 4/(-14) - 60/(-14). Suppose v + 9 = 5*t, t + 0*v = u*v - 2. Let x(i) = -3*i**2 + i. Determine x(t).
-10
Let b = -9 + 4. Let k = -3 - b. Let y(o) = o**2. Let c(j) = -7*j**2 - j - 1. Let t(u) = c(u) + 5*y(u). Give t(k).
-11
Let p be (-4)/(-1 - 3) - (8 + -1). Let c(f) = -f**3 - 8*f**2 - 10*f - 2. Give c(p).
-14
Let l(w) be the first derivative of 5*w**4/2 - w**2/2 + 390. What is l(-1)?
-9
Let p(m) = -m**2 - 15*m - 65. Let i be p(-7). Let q(z) = -z**3 - 9*z**2 + 1. Calculate q(i).
1
Suppose -5*b + 2*t = 29, 3*t - 5*t = -4*b - 24. Let g(x) be the second derivative of x**4/12 + 7*x**3/6 + x**2 - 3*x. What is g(b)?
-8
Let c(p) = -53*p - 7. Let l(q) = 83*q + 11. Let b(j) = 8*c(j) + 5*l(j). What is b(1)?
-10
Let u(v) = -v**3 + 4*v**2 + 4*v - 7. Let q = 1136 + -1131. Calculate u(q).
-12
Let t(r) = -r - 9. Suppose -17*c + 21*c + 48 = 0. Let o be t(c). Let i(u) = -u**3 + u**2 - u + 3. Calculate i(o).
-18
Let g(u) be the second derivative of -u**4/3 + u**3/3 - u**2/2 - 42*u. Calculate g(-2).
-21
Suppose 9 + 16 = -5*v. Let g(l) = 1 - 4 - 65*l + 0 + 63*l. Give g(v).
7
Let s(r) = -31*r**3 + 28*r**2 - 31*r + 3. Let p(x) = 11*x**3 - 9*x**2 + 10*x - 1. Let h(k) = 17*p(k) + 6*s(k). Calculate h(-16).
1
Let q = -6 - 0. Let k be 2 + (4/2 - 2). Let o(h) = -k + 6*h - 6 - 2*h - 5*h. Determine o(q).
-2
Let w = -31 + 27. Let s(l) = -l**3 + l**2 - 1. Let h(t) = -10*t**3 + 4*t**2 - 5. Let b(x) = w*s(x) + h(x). Determine b(1).
-7
Let m = 705 - 715. Let t(p) = p**2 + 10*p + 4. What is t(m)?
4
Let n(c) be the third derivative of c**6/120 + c**5/30 + c**4/12 + 2*c**3/3 - 74*c**2. Let p be -1 + 2/(-2) + -1. Calculate n(p).
-11
Let k(s) = 0*s - 2*s**2 + 2*s + 157 - 154 + s**2. Determine k(-3).
-12
Suppose 3*c - 15 = -30. Let a(u) = 6*u + 15. Determine a(c).
-15
Suppose -2*i = -6*i + 16. Let l(g) = 1 + 359*g**3 - 179*g**3 - g - 179*g**3 + 3 - 4*g**2. What is l(i)?
0
Let q(k) = 17*k**2 + 2*k + 1. Let h be q(-1). Let p = 10 - h. Let c(a) = 3*a + 7. Give c(p).
-11
Let c(h) = -h**3 - 5*h**2 + 11. Let q(r) = r**3 - 10*r**2 - r - 5. Let o be q(0). What is c(o)?
11
Let l(d) be the second derivative of -d**4/12 - d**3/3 - 5*d**2/2 + 286*d. Determine l(-3).
-8
Suppose -5*a + 162 = 137. Let r(d) = -4*d + 3 - 3 - d**2 - 6 + 2*d**2. Determine r(a).
-1
Let f(k) be the second derivative of k**5/20 - 7*k**3/6 + 3*k**2 + 4*k - 14. Give f(3).
12
Let y(i) = 2*i**3 + 6*i**2 - 5*i - 1. Let h(k) = k**3 - k**2 + k. Let g(v) = 5*h(v) + y(v). Suppose u + 0 = 2. Suppose 4*t - 2 = u. Determine g(t).
7
Let s(l) = l**2 + 2*l + 3. Let c(f) = 8*f**2 + 14*f + 23. Let q(u) = -2*c(u) + 15*s(u). Determine q(1).
0
Let z(g) = -1. Let i = -11 + 5. Let d(w) be the third derivative of w**4/8 + 5*w**3/3 - 2*w**2. Let u(q) = i*z(q) - d(q). Determine u(-3).
5
Let d(w) = 10*w + w**2 + 2 + w**2 - 3*w**2 + 0 - 18. Give d(9).
-7
Let v(k) be the first derivative of -k**4/4 - 8*k**3/3 - 55. What is v(-8)?
0
Let c(t) be the second derivative of t**3/6 - 3*t**2 - 238*t. Determine c(7).
1
Let r(t) = t - 3. Let x(o) = -o**3 + 13*o**2 - 42*o + 2. Let d be x(6). What is r(d)?
-1
Let v(f) be the first derivative of f**7/280 - f**6/180 - f**5/60 - f**4/24 + 5*f**3 - 10. Let z(a) be the third derivative of v(a). Determine z(-1).
-4
Let h(r) = 3*r + 30. Let c be h(-9). Let l be (0 - 2) + (-6)/9*c. Let q(a) = a**3 + 2*a**2 - 2*a + 5. Determine q(l).
-19
Let s(m) = m**3 + m**2 + 3. Suppose 2*k - c = 0, 2*k + 3*k - 5*c = -10. Let z be 10/(-20)*0/k. Calculate s(z).
3
Let t be (5 - 3)/(1*4). Let h(n) be the second derivative of t*n**2 + 1/3*n**3 - n + 0. What is h(2)?
5
Let o(h) = 31*h - 620. Let p be o(20). Let k(c) = 3*c + 2. Let g(v) = -10*v - 5. Let l(z) = -2*g(z) - 7*k(z). Give l(p).
-4
Suppose -5 - 5 = -2*p. Suppose 2*x = 4*x - f, -p*f + 10 = 0. Let g(q) = -13*q**3 + 3*q**3 - 5*q**3 + q**2 + 3*q**3. Determine g(x).
-11
Let d(i) = -22*i - 8. Let o be d(-6). Suppose 2*n = 6*n + 5*n. Let p(y) = -y - o + n*y + 123. Determine p(-3).
2
Let x be (-4)/30 - -138*(-50)/(-1125). Let r(i) = i**3 - 7*i**2 + 5*i - 1. What is r(x)?
-7
Let h(d) = -d**2 + 6*d. Let t be h(6). Let k(u) = -8 - 12 - 3443*u + 3444*u + 5 - 1. Calculate k(t).
-16
Suppose -3*f - 3 = -6. Let q(y) = 12*y**2 - 5*y - 2. Let r(m) = m**2 - m - 1. Suppose 19 = -4*i + 7. Let p(u) = i*r(u) + q(u). Determine p(f).
8
Suppose -3*i + 4*g + 38 = 0, 1 = -4*g - 7. Let w be (-14)/(-6)*(-60)/i. Let t = w + 8. Let v(s) = s**2 + 6*s - 1. Give v(t).
-1
Let p(o) = o